or of 60726?
False
Is 22 a multiple of 4?
False
Is 23 a factor of 16307?
True
Is 86461 a multiple of 68?
False
Is 9 a factor of 61554?
False
Does 57 divide 2049?
False
Does 19 divide 54723?
False
Is 15 a factor of 1410?
True
Is 8 a factor of 12656?
True
Is 47 a factor of 485?
False
Does 17 divide 26537?
True
Is 3672 a multiple of 102?
True
Does 14 divide 3443?
False
Is 149 a factor of 44670?
False
Is 5 a factor of 5801?
False
Is 17150 a multiple of 14?
True
Does 29 divide 10627?
False
Is 7 a factor of 1081?
False
Is 92 a factor of 10208?
False
Does 6 divide 991?
False
Does 10 divide 2594?
False
Is 13 a factor of 3420?
False
Is 435 a multiple of 5?
True
Does 93 divide 1488?
True
Is 17 a factor of 2635?
True
Does 10 divide 2162?
False
Is 64416 a multiple of 96?
True
Is 31785 a multiple of 13?
True
Is 9500 a multiple of 95?
True
Is 679 a multiple of 97?
True
Is 46 a factor of 1183?
False
Is 27 a factor of 8154?
True
Does 30 divide 420?
True
Does 11 divide 4840?
True
Is 60900 a multiple of 175?
True
Is 19 a factor of 26543?
True
Is 3 a factor of 192?
True
Does 97 divide 2619?
True
Is 65 even?
False
Is 13901 a multiple of 224?
False
Is 53 a factor of 742?
True
Does 13 divide 57?
False
Is 3 a factor of 1587?
True
Is 26 a factor of 117?
False
Does 76 divide 44384?
True
Is 26 a factor of 1456?
True
Is 20 a factor of 2041?
False
Is 242 a multiple of 12?
False
Is 1386 a multiple of 22?
True
Is 164 a factor of 11702?
False
Is 19 a factor of 9413?
False
Is 6 a factor of 350?
False
Is 1026 a multiple of 38?
True
Is 10 a factor of 540?
True
Is 11505 a multiple of 26?
False
Is 28 a factor of 1484?
True
Does 8 divide 26?
False
Is 23 a factor of 6118?
True
Is 1948 a multiple of 25?
False
Is 2346 a multiple of 20?
False
Is 54 a multiple of 9?
True
Is 34 a factor of 26309?
False
Is 5808 a multiple of 121?
True
Is 27 a factor of 61533?
True
Does 31 divide 33449?
True
Does 26 divide 3718?
True
Does 54 divide 435?
False
Is 4 a factor of 7512?
True
Is 23 a factor of 16353?
True
Is 9381 a multiple of 12?
False
Is 5312 a multiple of 83?
True
Is 18 a factor of 1746?
True
Is 9 a factor of 474?
False
Is 30 a factor of 1390?
False
Is 9 a factor of 2039?
False
Does 66 divide 571?
False
Does 44 divide 23364?
True
Is 38180 a multiple of 149?
False
Is 33 a multiple of 2?
False
Is 41 a factor of 8699?
False
Is 91457 a multiple of 29?
False
Is 116 a factor of 693?
False
Does 9 divide 108?
True
Does 180 divide 72540?
True
Is 1986 a multiple of 76?
False
Does 71 divide 284?
True
Is 6901 a multiple of 103?
True
Does 16 divide 1200?
True
Is 104 a factor of 80810?
False
Does 19 divide 1500?
False
Does 5 divide 1662?
False
Does 182 divide 31841?
False
Is 2760 a multiple of 7?
False
Does 12 divide 9497?
False
Does 34 divide 3837?
False
Is 2550 a multiple of 75?
True
Is 508 a multiple of 93?
False
Does 12 divide 2801?
False
Is 27 a factor of 2957?
False
Does 16 divide 32?
True
Is 172 a factor of 1892?
True
Does 14 divide 3164?
True
Is 15 a factor of 26582?
False
Is 2312 a multiple of 26?
False
Does 35 divide 950?
False
Does 21 divide 32396?
False
Does 5 divide 205?
True
Is 36 a factor of 1856?
False
Is 20633 a multiple of 29?
False
Is 25606 a multiple of 59?
True
Does 141 divide 33981?
True
Is 52 a factor of 3016?
True
Is 15 a factor of 495?
True
Does 63 divide 51597?
True
Does 17 divide 850?
True
Does 47 divide 14382?
True
Is 2195 a multiple of 35?
False
Is 6 a factor of 367?
False
Is 478 a factor of 30114?
True
Does 10 divide 2090?
True
Is 21 a factor of 7220?
False
Does 7 divide 4072?
False
Does 23 divide 72199?
False
Is 210 a multiple of 3?
True
Is 15 a factor of 23730?
True
Does 23 divide 115?
True
Is 45 a factor of 162?
False
Is 280 a multiple of 7?
True
Is 6228 a multiple of 6?
True
Does 18 divide 1436?
False
Is 1890 a multiple of 63?
True
Is 3564 a multiple of 9?
True
Is 296 a multiple of 8?
True
Does 176 divide 8147?
False
Is 11 a factor of 564?
False
Does 12 divide 814?
False
Does 7 divide 3878?
True
Does 12 divide 516?
True
Is 17 a factor of 31807?
True
Is 1751 a multiple of 58?
False
Is 10 a factor of 1510?
True
Is 13 a factor of 6734?
True
Is 967 a multiple of 28?
False
Is 2542 a multiple of 8?
False
Is 51 a factor of 1100?
False
Is 236 a multiple of 19?
False
Is 2024 a multiple of 11?
True
Is 4 a factor of 802?
False
Is 5115 a multiple of 155?
True
Is 350 a multiple of 35?
True
Is 3479 a multiple of 49?
True
Is 771 a multiple of 9?
False
Does 18 divide 59868?
True
Is 8 a factor of 592?
True
Is 10 a factor of 39704?
False
Is 129 a factor of 3483?
True
Is 75 a multiple of 25?
True
Is 54 a factor of 5022?
True
Is 6 a factor of 12?
True
Does 3 divide 2052?
True
Is 15 a factor of 8145?
True
Is 47784 a multiple of 194?
False
Does 10 divide 5390?
True
Is 2158 a multiple of 26?
True
Does 4 divide 1041?
False
Is 14 a factor of 532?
True
Is 16 a factor of 1248?
True
Is 5 a factor of 596?
False
Is 151 a multiple of 14?
False
Does 51 divide 29319?
False
Does 6 divide 312?
True
Does 29 divide 1363?
True
Does 41 divide 15709?
False
Is 14 a factor of 1330?
True
Is 1307 a multiple of 2?
False
Is 11 a factor of 398?
False
Does 37 divide 331?
False
Is 1850 a multiple of 25?
True
Does 10 divide 7940?
True
Is 57 a factor of 2565?
True
Is 2240 a multiple of 35?
True
Is 4086 a multiple of 135?
False
Does 17 divide 646?
True
Does 11 divide 1719?
False
Is 12 a factor of 2625?
False
Does 22 divide 882?
False
Does 3 divide 1194?
True
Does 22 divide 35?
False
Is 13890 a multiple of 20?
False
Is 156 a factor of 11082?
False
Does 88 divide 2992?
True
Is 206 a factor of 100322?
True
Is 2 a factor of 956?
True
Does 29 divide 580?
True
Is 23 a factor of 3266?
True
Does 19 divide 61949?
False
Does 23 divide 1196?
True
Is 1120 a multiple of 7?
True
Is 95 a factor of 40945?
True
Is 13 a factor of 975?
True
Does 4 divide 86?
False
Is 51 a factor of 962?
False
Is 2637 a multiple of 4?
False
Is 95 a factor of 8791?
False
Does 3 divide 4035?
True
Is 10 a factor of 9710?
True
Is 914 a multiple of 17?
False
Is 13302 a multiple of 18?
True
Is 2511 a multiple of 31?
True
Is 16 a factor of 1618?
False
Is 139 a factor of 860?
False
Is 9 a factor of 3936?
False
Is 92 a multiple of 4?
True
Is 9961 a multiple of 5?
False
Is 6391 a multiple of 20?
False
Does 16 divide 1072?
True
Does 2 divide 164?
True
Is 1452 a multiple of 33?
True
Is 58 a factor of 52320?
False
Does 25 divide 2144?
False
Is 65861 a multiple of 67?
True
Is 4578 a multiple of 6?
True
Is 2548 a multiple of 4?
True
Does 5 divide 7400?
True
Is 258 a multiple of 86?
True
Is 60944 a multiple of 13?
True
Is 4 a factor of 268?
True
Does 27 divide 108?
True
Is 23912 a multiple of 98?
True
Does 28 divide 18172?
True
Is 15697 a multiple of 8?
False
Is 1776 a multiple of 89?
False
Is 3 a factor of 1941?
True
Is 20 a factor of 63?
False
Is 39 a factor of 9516?
True
Does 39 divide 17877?
False
Is 4 a factor of 339?
False
Is 19 a factor of 1393?
False
Does 27 divide 1242?
True
Does 13 divide 35023?
False
Is 3 a factor of 706?
False
Is 34 a factor of 171?
False
Is 86 a factor of 5193?
False
Is 116 a factor of 3012?
False
Does 66 divide 13055?
False
Does 19 divide 285?
True
Does 5 divide 729?
False
Is 385 a multiple of 25?
False
Is 9 a factor of 142?
False
Does 5 divide 288?
False
Is 50 a factor of 624?
False
Does 20 divide 720?
True
Is 345 a multiple of 9?
False
Is 16219 a multiple of 48?
False
Is 2 a factor of 573?
False
Is 9 a factor of 267?
False
Is 1118 a multiple of 161?
False
Does 10 divide 44?
False
Is 28 a factor of 1792?
True
Is 43 a factor of 1979?
False
Does 8 divide 7996?
False
Does 44 divide 2292?
False
Is 17 a factor of 53103?
False
Is 696 a multiple of 58?
True
Does 403 divide 137745?
False
Is 3531 a multiple of 15?
False
Does 3 divide 16278?
True
Is 841 a multiple of 29?
True
Does 64 divide 980?
False
Does 6 divide 19372?
False
Does 9 divide 941?
False
Does 6 divide 2196?
True
Is 998 a multiple of 35?
False
Does 6 divide 287?
False
Is 52 a factor of 1087?
False
Is 17800 a multiple of 200?
True
Is 92 a factor of 15364?
True
Is 32 a factor of 405?
False
Does 106 divide 20993?
False
Does 102 divide 61674?
False
Is 259 a multiple of 34?
False
Does 45 divide 1080?
True
Is 114 a factor of 6733?
False
Is 27 a factor of 23282?
False
Does 52 divide 715?
Fa